e -3 - 14/6*-3. Suppose 36 = 8*h - f*h. Calculate the remainder when ((-4)/26 + (-799)/(-39))*h is divided by 37.
35
Suppose 1213 = -5*r + q + 11727, r - 2*q - 2101 = 0. Calculate the remainder when r is divided by 12.
3
Suppose -19995 = -129*m - 0*m. Calculate the remainder when 5733 is divided by m.
153
Let p = 277 - 312. Calculate the remainder when 61 is divided by 48*5/p*7/(-2).
13
Let q be ((-142)/4)/((-4)/(-8)). Let u = -66 - q. Suppose -2*r - 1 = -u, -4*y - 2*r = -152. Calculate the remainder when y is divided by 6.
1
Let j(o) = o**3 + 35*o**2 - 9*o - 94. Calculate the remainder when j(-35) is divided by 45.
41
Let h = -95820 + 95864. Let l(k) = -k - 7. Let q be l(-7). Suppose 3*z = -q*z + 27. What is the remainder when h is divided by z?
8
Suppose -5*p + 80 = -p. Suppose 0 = -2*r - 5*j + 93, 0*j + 242 = 4*r + 2*j. Calculate the remainder when r is divided by p.
4
Let z be (16/(-20))/(-1 - 48/(-45)). Calculate the remainder when 168 is divided by (z/(-28))/((-5)/(-805)) - 6.
42
Suppose 85*y + 34496 = 173*y. What is the remainder when y is divided by 79?
76
Suppose -59*b - 151*b = 176*b - 1544. Let n(h) = h**3 - 3*h**2 - 3*h + 2. What is the remainder when n(4) is divided by b?
2
What is the remainder when 451/22 - 12/8 is divided by -2 + (-2)/(-1) - -10?
9
Suppose 9*z - 5*z - 45 - 79 = 0. Suppose -t - 5*d = 3*t - 8, -t = 2*d - 5. Let m(q) = -50*q + 2. Calculate the remainder when m(t) is divided by z.
28
Let q(x) = 54*x**2 + 277*x + 1306. What is the remainder when q(-5) is divided by 164?
123
Suppose 58 = 25*l - 42. Suppose -4*a - 3*q - 32 = -128, l*q + 48 = 2*a. What is the remainder when 287 is divided by a?
23
Let m(o) = 3*o**3 + 3*o**2 + 1. Let j(w) = -315*w - 5589. Calculate the remainder when m(4) is divided by j(-18).
79
Let w(i) = 3*i**2 - 20*i + 21. What is the remainder when 582 is divided by w(6)?
6
Suppose 3*n + 27 - 9 = 4*i, i - 13 = 5*n. Suppose 56 + 181 = i*s. What is the remainder when 310 is divided by s?
73
Let o = -4977 + 5297. Calculate the remainder when o is divided by 81.
77
Let u(h) = 245*h - 3858. What is the remainder when 307 is divided by u(16)?
59
Let j = 339 + -335. Suppose -j*r = -4*x - 6*r + 304, -3*r - 152 = -2*x. What is the remainder when x is divided by 68?
8
Let u = 31299 + -31068. What is the remainder when u is divided by (192/20)/(2/10)?
39
Let t = -5 + 10. Suppose -l = 2 + 17. Calculate the remainder when l*12/(-20) - 4/10 is divided by t.
1
Suppose v = -v + j + 9, v - 4*j + 13 = 0. Suppose 3*x = -v + 55. Calculate the remainder when 172 is divided by x.
12
Suppose 0 = -7*x + 8*x - 78. Suppose 0 = 2*r - 184 - x. Calculate the remainder when r is divided by (117 + 3)/6 - 1.
17
Suppose 4*a + f = -0*f - 190, -192 = 4*a + 2*f. Let g = a + 51. Suppose 0 = s + g - 17. Calculate the remainder when 25 is divided by s.
12
Calculate the remainder when ((-326)/8)/((-3)/(-2)*(-64)/384) is divided by 38.
11
Suppose -86*l + 95*l - 198 = 0. What is the remainder when 921 is divided by l?
19
Suppose -1058 = -3*z - 1040, 4*v + 5*z = 238. What is the remainder when 2858 is divided by v?
50
Suppose -c - 2*d - 76 = 41, 645 = -5*c + 2*d. Let j = 162 + c. What is the remainder when 135 is divided by j?
30
What is the remainder when ((-715)/(-33))/((-30)/18 - -2) is divided by 14?
9
Let a = 1974 - 1391. Suppose 4*x = -4*m + 343 + 421, a = 3*m + x. Calculate the remainder when m is divided by 20.
16
Suppose 6*n + 15*n = 28*n - 42. Calculate the remainder when 700 is divided by n.
4
Suppose h + z - 2 = -4*h, -2 = -3*h - z. Suppose h = -x + 8 + 31. What is the remainder when x is divided by 9?
3
Suppose 2*l = 2*h - 12, 2*h + 4*l + 21 = 5*h. Let i = 157 - 136. Calculate the remainder when i is divided by h.
0
Let c(g) = 3*g**2 + 4*g - 4. Suppose j - 8*j + 12*j = 0. What is the remainder when 55*(j + (-3)/(-3)) is divided by c(-4)?
27
Let n(c) = 8*c**2 + 24*c + 13. Suppose -3*y = 14*y - 459. Calculate the remainder when n(-6) is divided by y.
22
What is the remainder when -11 + 3 - (-534 - (-26)/(-2)) is divided by 55?
44
Let t be (4 - -1) + 4368/(-14). Let a = -260 - t. What is the remainder when 119 is divided by a?
25
Let r = -22997 - -26153. Calculate the remainder when r is divided by 85.
11
Suppose 308 = 2*o - 4*w, 5*w + 333 = -5*o + 1088. Calculate the remainder when 165 is divided by o.
13
Let p(l) = -l**3 - 5*l**2 - 10*l - 17. Let m be p(-4). Suppose 0 = -m*n + 4*n + 96. What is the remainder when 117 is divided by n?
21
Let s = -1 + 7. Let d = 17 + s. What is the remainder when d is divided by 4/(-9) - 10080/(-810)?
11
Suppose 4*b - 23 = -15. Suppose 5*w + 22 = b*o + 81, -5*w - 3*o + 49 = 0. Calculate the remainder when 229 is divided by w.
9
Suppose -74*x - 82*x + 162174 = -151854. Calculate the remainder when x is divided by 22.
11
Let u(p) = p + 2. Let m be u(0). Suppose m*h - 4*s + s - 580 = 0, -s - 291 = -h. Let v = -129453 - -129490. Calculate the remainder when h is divided by v.
34
Let t(c) = 227*c**2 + 643*c - 16. Calculate the remainder when 905 is divided by t(-3).
23
Let y(k) = k**3 - 11*k**2 - 19*k - 44. Calculate the remainder when 272 is divided by y(13).
37
Let g(q) = -29 + q**2 + 1 - 6*q - 8*q. Let i be g(16). Let b(x) = -x**3 + 6*x**2 - 2*x - 8. Calculate the remainder when 60 is divided by b(i).
12
Suppose -3*v = q - 3*q + 130, -4*v - 135 = 5*q. Let s = -109 - -175. Let l = s + v. Calculate the remainder when 179 is divided by l.
23
What is the remainder when 62 is divided by (-4)/12*(-16)/((-48)/(-171))?
5
Suppose -15*a + 4*s + 6188 = -11*a, -s - 1 = 0. Suppose -4905 = -a*l + 1537*l. Calculate the remainder when l is divided by 39.
38
What is the remainder when 2669 + -12 - (6 - (-2 - -4 - 0)) is divided by 48?
13
Suppose 159 + 63 = 6*b. Calculate the remainder when (56/140)/((-2)/(-900)) is divided by b.
32
Let i be (-102)/(-14) - (-2)/(-7). Let m(q) = -2*q + 17. Let v be m(i). Suppose -v*a + 67 = -203. What is the remainder when a is divided by 23?
21
Suppose -5*n + 6*n = 3*v + 616, -5*n = -3*v - 3140. Calculate the remainder when n is divided by 2.
1
Let u = -5663 - -6299. Calculate the remainder when u is divided by 107.
101
Suppose -i - 419 - 17 = -n, 0 = -4*n - 4*i + 1728. Calculate the remainder when n is divided by 55.
49
Let y(h) = -83*h + 661. Calculate the remainder when 995 is divided by y(4).
8
Let h(g) = 3672*g - 536. What is the remainder when h(1) is divided by 20?
16
Suppose 4*q + 3*b = 5, 5*q + 17*b - 16*b - 20 = 0. What is the remainder when 77 is divided by q?
2
Suppose 5*n = -0*n + 2000. What is the remainder when 2*2 - (n/4)/(-10) is divided by 10?
4
Let r(u) = -182*u + 4775. Calculate the remainder when r(24) is divided by 51.
50
Let j = 35941 - 35924. Let k be ((-8)/(-2))/2 + 0. Suppose 0*d = -k*d + 22. Calculate the remainder when j is divided by d.
6
Suppose -9*x + 140 = -4*x. Let z = 30 - x. Suppose -q + 24 = q + 3*s, z*q - 3*s = 48. What is the remainder when 53 is divided by q?
17
Suppose 2*u = 2, -u - 92 = -5*y + 2*u. Let w(i) = 26*i**2 - 4*i - 4. What is the remainder when w(-1) is divided by y?
7
Let v(k) = -k**2 + 11*k - 25. Let j be v(7). Suppose j*i + 245 - 35 = 0. Calculate the remainder when (224/i)/((-2)/10) is divided by 12.
4
Suppose -6*n + 49 = -791. Suppose 137*r - n*r = -105. What is the remainder when r is divided by 24?
11
Let v(t) = 2*t**2 + 8*t - 19. Let b be v(2). Suppose -3*j - 2*a + 200 = -j, 4*j - 400 = -b*a. What is the remainder when j is divided by 8?
4
Let z(m) = -4*m - 28. Suppose 4*r + 10 = 9*r + 3*w, -4*r = 3*w - 5. What is the remainder when z(-10) is divided by r?
2
Suppose -3*g + z = 1368, -g + 3*g - 5*z = -912. Let s be (-14)/105 - g/45. Suppose s*h - 112 = 2*h. What is the remainder when 82 is divided by h?
12
Suppose j + 1 - 5 = 0. Suppose 4*u = 2*z + 504, 2*u - 9*z = -6*z + 244. Suppose 0*b - u = -j*b. Calculate the remainder when b is divided by 11.
10
Let m = 5 - 2. Let d be 6/(-4) + m*(-135)/(-6). Let q = d - 57. What is the remainder when q is divided by 2?
1
Let d = -19022 - -19464. What is the remainder when d is divided by 180?
82
Calculate the remainder when 371 is divided by -201*(7 - (-69)/(-9)) - 2.
107
Suppose -2*u = -u - r - 4, -4 = -u - 4*r. Suppose -u*f - 121 = -5*b, 129 = b + 4*b + 4*f. What is the remainder